e of 103?
True
Does 259 divide 37037?
True
Does 15 divide 34735?
False
Does 131 divide 10087?
True
Is 8 a factor of 848?
True
Is 18 a factor of 1784?
False
Is 1896 a multiple of 26?
False
Is 12 a factor of 1932?
True
Does 9 divide 11268?
True
Is 16 a factor of 576?
True
Is 1817 a multiple of 79?
True
Is 82 a factor of 1618?
False
Does 25 divide 623?
False
Is 4649 a multiple of 12?
False
Does 4 divide 1104?
True
Does 18 divide 827?
False
Is 138 a factor of 26650?
False
Does 13 divide 34397?
False
Does 65 divide 4545?
False
Is 21420 a multiple of 36?
True
Does 25 divide 825?
True
Is 183 a multiple of 5?
False
Is 8 a multiple of 3?
False
Is 650 a multiple of 65?
True
Is 728 a multiple of 104?
True
Is 308 a multiple of 2?
True
Does 39 divide 1283?
False
Is 9500 a multiple of 50?
True
Is 23 a factor of 897?
True
Does 4 divide 241?
False
Is 17460 a multiple of 180?
True
Is 18 a factor of 38952?
True
Is 97 a factor of 64201?
False
Is 48 a factor of 2881?
False
Does 8 divide 24?
True
Is 82 a factor of 7619?
False
Does 7 divide 2206?
False
Is 21 a factor of 24297?
True
Is 27483 a multiple of 54?
False
Is 1440 a multiple of 48?
True
Is 21 a factor of 1938?
False
Is 2321 a multiple of 19?
False
Is 113 a factor of 2938?
True
Is 12 a factor of 2612?
False
Is 1867 a multiple of 4?
False
Is 16798 a multiple of 4?
False
Is 1765 a multiple of 17?
False
Is 304 a multiple of 27?
False
Is 43320 a multiple of 152?
True
Is 10 a factor of 221?
False
Is 480 a multiple of 10?
True
Is 82 a factor of 27682?
False
Is 455 a multiple of 35?
True
Is 81 a factor of 24895?
False
Does 10 divide 737?
False
Is 35 a factor of 1225?
True
Does 63 divide 29799?
True
Is 2028 a multiple of 8?
False
Is 72 a factor of 12888?
True
Does 48 divide 624?
True
Does 19 divide 7750?
False
Is 22775 a multiple of 445?
False
Is 7 a factor of 15840?
False
Is 1859 a multiple of 13?
True
Does 25 divide 22401?
False
Is 2773 a multiple of 4?
False
Is 53 a factor of 1007?
True
Does 37 divide 35200?
False
Is 71 a factor of 568?
True
Does 12 divide 1397?
False
Is 60126 a multiple of 33?
True
Is 58 a factor of 42502?
False
Is 13034 a multiple of 38?
True
Does 26 divide 51064?
True
Does 50 divide 9065?
False
Is 12 a factor of 52715?
False
Is 15804 a multiple of 8?
False
Is 71 a factor of 5112?
True
Is 18895 a multiple of 95?
False
Does 16 divide 109216?
True
Does 167 divide 20925?
False
Is 29 a factor of 6699?
True
Is 261 a multiple of 2?
False
Is 20 a factor of 40112?
False
Is 39326 a multiple of 14?
True
Is 1292 a multiple of 4?
True
Is 6750 a multiple of 125?
True
Is 562 a multiple of 12?
False
Is 20 a factor of 95321?
False
Is 9975 a multiple of 95?
True
Does 23 divide 1095?
False
Does 65 divide 5128?
False
Does 5 divide 19710?
True
Does 71 divide 1420?
True
Is 4 a factor of 1807?
False
Is 5739 a multiple of 2?
False
Is 24023 a multiple of 72?
False
Is 52 a factor of 32188?
True
Is 60 a multiple of 2?
True
Is 975 a multiple of 10?
False
Does 19 divide 38?
True
Is 10 a factor of 42250?
True
Is 21 a factor of 385?
False
Is 62 a factor of 1786?
False
Is 9 a factor of 9?
True
Does 13 divide 1339?
True
Is 2015 a multiple of 31?
True
Does 37 divide 439?
False
Is 911 a multiple of 59?
False
Does 5 divide 34?
False
Does 19 divide 1318?
False
Is 765 a multiple of 45?
True
Does 56 divide 5287?
False
Is 101 a factor of 476?
False
Is 21448 a multiple of 28?
True
Is 768 a multiple of 10?
False
Is 19143 a multiple of 12?
False
Is 16739 a multiple of 73?
False
Is 31 a factor of 372?
True
Is 16 a factor of 3170?
False
Does 19 divide 345?
False
Does 30 divide 5472?
False
Is 136 a factor of 31829?
False
Is 2080 a multiple of 80?
True
Is 304 a factor of 13680?
True
Does 3 divide 48?
True
Does 5 divide 350?
True
Is 408 a multiple of 8?
True
Does 5 divide 115?
True
Is 7 a factor of 11705?
False
Does 7 divide 98?
True
Is 147 a factor of 20521?
False
Is 71 a factor of 71?
True
Does 12 divide 408?
True
Is 451 even?
False
Is 46384 a multiple of 16?
True
Does 39 divide 1482?
True
Is 2826 a multiple of 6?
True
Is 500 a multiple of 20?
True
Is 1222 a multiple of 86?
False
Is 22 a factor of 56562?
True
Does 72 divide 1067?
False
Is 496 a multiple of 16?
True
Is 4608 a multiple of 4?
True
Is 6255 a multiple of 17?
False
Does 6 divide 108?
True
Does 17 divide 1224?
True
Is 2 a factor of 7330?
True
Does 19 divide 4756?
False
Does 2 divide 1221?
False
Does 17 divide 803?
False
Is 339 a multiple of 6?
False
Is 1077 a multiple of 53?
False
Is 58 a factor of 1394?
False
Is 53073 a multiple of 9?
True
Is 2219 a multiple of 29?
False
Is 5677 a multiple of 16?
False
Does 63 divide 63?
True
Is 8 a factor of 63332?
False
Is 6 a factor of 3042?
True
Is 369 a multiple of 13?
False
Does 166 divide 59594?
True
Does 3 divide 7585?
False
Is 15 a factor of 30334?
False
Does 51 divide 3966?
False
Does 128 divide 10240?
True
Is 13 a factor of 110391?
False
Is 21 a factor of 12642?
True
Does 8 divide 1533?
False
Is 1472 a multiple of 16?
True
Does 25 divide 1144?
False
Does 59 divide 7965?
True
Is 17202 a multiple of 17?
False
Is 69 a factor of 618?
False
Is 17036 a multiple of 38?
False
Does 11 divide 66011?
True
Does 4 divide 112?
True
Is 3 a factor of 514?
False
Does 117 divide 17247?
False
Is 65 a multiple of 11?
False
Is 4 a factor of 100?
True
Is 10030 a multiple of 25?
False
Is 309 a multiple of 20?
False
Is 51 a factor of 51?
True
Does 87 divide 1455?
False
Is 11860 a multiple of 21?
False
Does 17 divide 969?
True
Is 234 a multiple of 5?
False
Does 3 divide 687?
True
Is 1383 a multiple of 9?
False
Is 9720 a multiple of 2?
True
Is 71 a factor of 127871?
True
Does 20 divide 40760?
True
Does 9 divide 47217?
False
Does 23 divide 28992?
False
Is 2610 a multiple of 11?
False
Is 578 a multiple of 34?
True
Is 55 a factor of 1358?
False
Is 14 a factor of 36008?
True
Does 13 divide 138?
False
Does 77 divide 27027?
True
Is 515 a multiple of 25?
False
Does 17 divide 1215?
False
Is 13689 a multiple of 15?
False
Is 35171 a multiple of 292?
False
Is 1055 a multiple of 15?
False
Is 94 a factor of 1073?
False
Is 1214 a multiple of 22?
False
Is 44 a factor of 2376?
True
Does 21 divide 4305?
True
Does 149 divide 4620?
False
Is 30 a factor of 180?
True
Does 35 divide 15096?
False
Does 13 divide 1248?
True
Does 23 divide 12426?
False
Is 13412 a multiple of 14?
True
Is 3 a factor of 21?
True
Is 3090 a multiple of 15?
True
Does 63 divide 5733?
True
Is 38671 a multiple of 12?
False
Is 68 a factor of 4987?
False
Is 28812 a multiple of 28?
True
Is 363 a multiple of 11?
True
Is 20 a factor of 91?
False
Is 6 a factor of 3366?
True
Does 3 divide 108?
True
Is 1260 a multiple of 45?
True
Is 15 a factor of 630?
True
Does 22 divide 10208?
True
Is 75 a factor of 2850?
True
Does 13 divide 31?
False
Is 223 a multiple of 33?
False
Is 603 a multiple of 9?
True
Is 17 a factor of 90?
False
Is 306 a multiple of 17?
True
Is 85 a multiple of 7?
False
Is 123147 a multiple of 39?
False
Does 2 divide 134?
True
Is 194 a factor of 39411?
False
Is 21 a factor of 12907?
False
Is 676 a multiple of 5?
False
Is 14 a factor of 528?
False
Is 2506 a multiple of 97?
False
Is 7 a factor of 230?
False
Is 119 a multiple of 7?
True
Is 1590 a multiple of 10?
True
Is 161 a factor of 312?
False
Is 518 a multiple of 14?
True
Does 10 divide 1310?
True
Does 21 divide 63?
True
Is 23 a factor of 538?
False
Is 756 a multiple of 54?
True
Does 23 divide 1582?
False
Is 17 a factor of 27591?
True
Does 17 divide 2186?
False
Is 510 a multiple of 15?
True
Is 2514 a multiple of 20?
False
Does 8 divide 277?
False
Does 73 divide 657?
True
Is 427 a multiple of 64?
False
Is 14 a factor of 1918?
True
Does 7 divide 586?
False
Does 16 divide 425?
False
Does 12 divide 147?
False
Does 14 divide 406?
True
Is 30 a factor of 270?
True
Is 18 a factor of 840?
False
Is 828 a multiple of 92?
True
Is 3009 a multiple of 17?
True
Is 24057 a multiple of 9?
True
Is 31 a factor of 12245?
True
Is 29 a factor of 13460?
False
Is 10 a factor of 610?
True
Is 12 a factor of 32724?
True
Is 20 a factor of 1027?
False
Is 77 a factor of 47509?
True
Is 5600 a multiple of 100?
True
Does 16 divide 1461?
False
Is 2829 a multiple of 41?
True
Does 157 divide 44274?
True
Is 34 a factor of 306?
True
Is 6 a factor of 1021?
False
Is 9190 a multiple of 17?
Fa